is 20 - 100?
-40
In base 14, what is -208 + 1d?
-1c9
In base 6, what is -135 - 334?
-513
In base 9, what is 5 + 1201?
1206
In base 16, what is 1 + -671?
-670
In base 8, what is -40 + 1?
-37
In base 5, what is 221 - -332?
1103
In base 8, what is -3 + -17?
-22
In base 5, what is 12 - 214?
-202
In base 13, what is -1 + 6b1?
6b0
In base 10, what is 14 + 15?
29
In base 14, what is 45 + 2?
47
In base 2, what is 10110001 - -10?
10110011
In base 3, what is 11 - 22200?
-22112
In base 10, what is -4 + -158?
-162
In base 8, what is -32046 + -3?
-32051
In base 3, what is 0 - 2122022?
-2122022
In base 4, what is 11 - -2130?
2201
In base 14, what is -282 - -1?
-281
In base 9, what is 3212 + -1?
3211
In base 5, what is -42041 - 4?
-42100
In base 7, what is 5352 - -5?
5360
In base 2, what is 100 + -11010111?
-11010011
In base 14, what is -bc + 5?
-b7
In base 15, what is 384 + 2?
386
In base 2, what is -11010 - 1?
-11011
In base 6, what is -435 - -4?
-431
In base 3, what is 20 - -1?
21
In base 15, what is -43e - 2?
-441
In base 8, what is -60 - -2?
-56
In base 11, what is 21 - -18?
39
In base 3, what is -11 + -20021?
-20102
In base 13, what is -2 - 1ab?
-1b0
In base 9, what is 1041 + -12?
1028
In base 3, what is 12 - 111?
-22
In base 4, what is -21 - 2023?
-2110
In base 2, what is -11010000 + 0?
-11010000
In base 12, what is 391 + -2?
38b
In base 6, what is 4 - -55?
103
In base 16, what is -d + 32?
25
In base 5, what is 131002 - 10?
130442
In base 5, what is -1132 + 1?
-1131
In base 12, what is -19927 - 5?
-19930
In base 16, what is 205 + -1?
204
In base 15, what is 5b - -3?
5e
In base 4, what is -331 + -112?
-1103
In base 7, what is -431 - 116?
-550
In base 16, what is -5 - b?
-10
In base 7, what is 3261 + -3?
3255
In base 4, what is -11 - -2001?
1330
In base 4, what is -3121 + 1?
-3120
In base 8, what is 253 + 1?
254
In base 6, what is -14204 - 3?
-14211
In base 16, what is 1 - -89c?
89d
In base 5, what is -21243 + 3?
-21240
In base 3, what is -12112 - -21?
-12021
In base 4, what is -2 + -2320?
-2322
In base 11, what is -a31 + 0?
-a31
In base 14, what is 2a + 1b?
47
In base 8, what is 13 + -1646?
-1633
In base 8, what is -3 + -51?
-54
In base 2, what is 100 + -10000010010?
-10000001110
In base 8, what is 5461 + -3?
5456
In base 8, what is -6310 + 0?
-6310
In base 7, what is 24124 - -2?
24126
In base 3, what is -111020200 - -10?
-111020120
In base 15, what is -3 + -8c?
-90
In base 14, what is 17 + -5?
12
In base 13, what is 0 + -325c?
-325c
In base 2, what is -11101101 - 10?
-11101111
In base 12, what is -a + 39b?
391
In base 6, what is 2 + -11?
-5
In base 3, what is 1012 - -2111?
10200
In base 16, what is -2 - f?
-11
In base 8, what is 4 - -306?
312
In base 7, what is -61 - -25?
-33
In base 11, what is 1063 - 2?
1061
In base 15, what is e + -6?
8
In base 4, what is -1 + 201?
200
In base 12, what is -1 - -560?
55b
In base 12, what is 21 - 3?
1a
In base 15, what is 1cb6 - -5?
1cbb
In base 4, what is -3 + -13302?
-13311
In base 6, what is -205 + 0?
-205
In base 13, what is 1254 + 1?
1255
In base 11, what is 434 - 1?
433
In base 3, what is -2001 + 10?
-1221
In base 7, what is -3 + -64?
-100
In base 12, what is 2181 - -4?
2185
In base 4, what is 222 + 33?
321
In base 8, what is -233 - 1?
-234
In base 4, what is 3 + 1211?
1220
In base 13, what is -64 - -3?
-61
In base 7, what is 1006 + 5?
1014
In base 9, what is -5 + -135?
-141
In base 10, what is 12 + 5?
17
In base 14, what is 31 - -202?
233
In base 6, what is -110 - -40?
-30
In base 4, what is 120 - 20120?
-20000
In base 10, what is 1 - 362?
-361
In base 13, what is -c75 - -5?
-c70
In base 13, what is 8 - -26?
31
In base 4, what is -10 - -3332?
3322
In base 15, what is 1 - -23?
24
In base 4, what is 231332 - 2?
231330
In base 9, what is -738 + 3?
-735
In base 8, what is -7 - 302?
-311
In base 7, what is 42 + -15?
24
In base 16, what is e - 59?
-4b
In base 6, what is -324 - 2?
-330
In base 11, what is -4 + a5?
a1
In base 4, what is 3 + 111232?
111301
In base 10, what is 6 - 35?
-29
In base 6, what is 10 - -1?
11
In base 6, what is -1 + 143?
142
In base 16, what is -4 + 5?
1
In base 6, what is 442010 + -3?
442003
In base 14, what is -5 + -3b?
-42
In base 2, what is -110 + -1110101001?
-1110101111
In base 7, what is -26 + -15?
-44
In base 6, what is -224 + -2?
-230
In base 15, what is 9c - 7?
95
In base 3, what is 22012 + 11?
22100
In base 16, what is -7 - -24c?
245
In base 6, what is -10 - 24?
-34
In base 12, what is 86b + -1?
86a
In base 12, what is 5 + 849?
852
In base 15, what is 21 - -40?
61
In base 13, what is -3bb - -3?
-3b8
In base 16, what is -2 - -377?
375
In base 10, what is -1238 - -9?
-1229
In base 5, what is 0 - 1242?
-1242
In base 6, what is 0 - -224?
224
In base 10, what is 339 + 1?
340
In base 10, what is 436 + -2?
434
In base 9, what is 4 + -35?
-31
In base 3, what is 20 + -2000?
-1210
In base 10, what is 0 + -1480?
-1480
In base 14, what is -388 + 11?
-377
In base 16, what is 82 + -4?
7e
In base 8, what is -652 + -3?
-655
In base 12, what is -11 - -55?
44
In base 8, what is -12567 + 5?
-12562
In base 13, what is 31c - -2?
321
In base 4, what is 3031 + -3?
3022
In base 12, what is -3 + 25?
22
In base 7, what is 5215 + 16?
5234
In base 11, what is -2 + -464?
-466
In base 7, what is -2625 - 5?
-2633
In base 6, what is -3 + 251?
244
In base 6, what is -111 - 42?
-153
In base 16, what is 3 - 9e?
-9b
In base 7, what is 36 + -1?
35
In base 12, what is 4 - 52?
-4a
In base 9, what is 1 + -1351?
-1350
In base 16, what is 5 - -229?
22e
In base 12, what is 1 - -b20?
b21
In base 6, what is 23 - -121?
144
In base 5, what is 302304 + -3?
302301
In base 2, what is -1000001010001 + 11?
-1000001001110
In base 13, what is 2 + 20?
22
In base 5, what is 224 - 33?
141
In base 10, what is -53808 + 5?
-53803
In base 14, what is -1 + 82?
81
In base 6, what is 545 + 44?
1033
In base 6, what is 1 - -3322?
3323
In base 3, what is 2 - -102?
111
In base 9, what is -5 - -737?
732
In base 14, what is 21 - -ab?
cc
In base 5, what is 2 + 1413?
1420
In base 14, what is 14 + -16?
-2
In base 14, what is 51 + 8?
59
In base 2, what is -11001 + 1001100101?
1001001100
In base 3, what is -211021010 + -11?
-211021021
In base 11, what is -42 - -230?
199
In base 16, what is 2 + -17?
-15
In base 12, what is 6b4 - 6?
6aa
In base 10, what is 0 - 164?
-164
In base 2, what is -11 - 11?
-110
In base 16, what is -329 - c?
-335
In base 11, what is 2 - 39?
-37
In base 3, what is 1002002 + 12?
1002021
In base 9, what is 2 - 116?
-114
In base 6, what is 25 + -4?
21
In base 4, what is 22 - 12?
10
In base 9, what is -22 + 56?
34
In base 10, what is 0 + 665?
665
In base 4, what is -101 + -1?
-102
In base 5, what is -412244 + -2?
-412301
In base 14, what is 2a5 - -2d?
2d4
In base 2, what is 100110001 - 0?
100110001
In base 12, what is -32 - -10?
-22
In base 7, what is -12 - 251?
-263
In base 10, what is 176 - 0?
176
In base 4, what is -1110011 - -11?
-1110000
In base 7, what is -2 - 601?
-603
In base 14, what is -310d + 2?
-310b
In base 5, what is -31 - -104?
23
In base 16, what is -16c - -4?
-168
In base 5, what is 1411 + 0?
1411
In base 13, what is -3 + -6?
-9
In base 3, what is -221 + 100100?
22102
In base 16, what is -1f43 + 2?
-1f41
In base 8, what is -612 - 1?
-613
In base 5, what is 222 - -121?
343
In base 4, what is 10 + 1020?
1030
In base 4, what is 12033 - 13?
12020
In base 6, what is 5 - 55?
-50
In base 15, what is -234 + 1c?
-217
In base 8, what is 23 + 17?
42
In base 14, what is -4 - 13?
-17
In base 7, what is -14 + -1561?
-1605
In base 8, what is -1 - -1427?
1426
In base 8, what is -5 + 442?
435
In base 3, what is 10 - 1022?
-1012
In base 2, what is 101 + 10011000?
10011101
In base 16, what is -6 - 1?
-7
In base 13, what is -47 + a?
-3a
In base 12, what is -2869 - 1?
-286a
In base 6, what is 30405 + -3?
30402
In base 15, what is -5 - -42?
3c
In base 4, what is -12 + 23?
11
In base 12, what is -19a0 + 3?
-1999
In base 12, what is -b1 + 27?
-86
In base 16, what is 4 + ab9?
abd
In base 2, what is 10001 + -111010000?
-110111111
In base 11, what is -50 + 5?
-46
In base 4, what is -113 - -130?
11
In base 2, what is 11100 + -101?
10111
In base 10, what is 4 - 101?
-97
In base 12, what is -23 + 5?
-1a
In base 9, what is 2 + -116?
-114
In base 2